t common divisor of 88711 and 406?
203
Calculate the highest common divisor of 24 and 113608.
8
Calculate the greatest common factor of 54234 and 828.
414
What is the highest common factor of 193 and 512608?
193
What is the greatest common factor of 18651992 and 136?
136
Calculate the greatest common factor of 1044 and 446948.
116
Calculate the greatest common divisor of 8388 and 756.
36
Calculate the highest common factor of 1008 and 62304.
48
What is the greatest common factor of 100 and 2636?
4
Calculate the highest common divisor of 27341 and 76.
19
Calculate the greatest common factor of 13192 and 35696.
776
What is the highest common divisor of 7770 and 888?
222
What is the highest common divisor of 4775 and 100?
25
Calculate the greatest common divisor of 760 and 969380.
380
Calculate the highest common factor of 27390 and 735.
15
Calculate the highest common factor of 365 and 1019299.
73
What is the greatest common divisor of 38038 and 114?
38
What is the highest common divisor of 180 and 2114010?
90
What is the greatest common divisor of 74 and 721315?
37
Calculate the highest common factor of 235 and 30080.
235
What is the highest common divisor of 45 and 29040?
15
What is the highest common divisor of 457778 and 86?
86
What is the highest common factor of 17238 and 234?
78
Calculate the highest common divisor of 526590 and 2430.
90
What is the greatest common divisor of 11986 and 78?
26
What is the greatest common divisor of 2668 and 17664?
92
What is the highest common factor of 153 and 78302?
17
What is the greatest common factor of 6 and 2448?
6
Calculate the highest common factor of 1085738 and 46.
46
What is the highest common factor of 143423 and 98?
49
Calculate the highest common factor of 2920 and 2360.
40
Calculate the highest common divisor of 40633 and 1432.
179
Calculate the highest common factor of 14 and 513933.
7
Calculate the greatest common factor of 542879 and 53.
53
Calculate the greatest common factor of 2509 and 689.
13
What is the greatest common factor of 3056 and 1670868?
764
Calculate the greatest common factor of 2793 and 304.
19
What is the highest common divisor of 125768 and 199?
199
What is the greatest common divisor of 353 and 20278085?
353
What is the highest common divisor of 2317 and 10360?
7
Calculate the highest common divisor of 3825135 and 835.
835
What is the highest common divisor of 693816 and 104?
8
What is the greatest common divisor of 20 and 65750?
10
What is the highest common factor of 2646 and 756?
378
What is the highest common divisor of 53 and 1494?
1
Calculate the greatest common factor of 48054 and 252.
6
What is the greatest common divisor of 212 and 118402?
106
Calculate the greatest common divisor of 445935 and 31.
31
What is the greatest common factor of 169850 and 1500?
50
Calculate the greatest common factor of 6 and 454116.
6
What is the highest common divisor of 1012320 and 80?
80
What is the greatest common factor of 164 and 310903?
41
Calculate the highest common divisor of 4023 and 5697.
27
What is the highest common factor of 78570 and 2160?
270
Calculate the greatest common factor of 4344570 and 270.
270
Calculate the greatest common factor of 17298191 and 109.
109
Calculate the highest common factor of 874 and 10028.
46
Calculate the highest common divisor of 468 and 187956.
36
What is the highest common divisor of 50 and 4629650?
50
Calculate the highest common factor of 15713 and 152.
19
What is the greatest common divisor of 132 and 72?
12
Calculate the highest common factor of 14638 and 208.
26
What is the greatest common divisor of 2277 and 14076?
207
What is the highest common factor of 85558 and 110?
22
What is the highest common divisor of 825998 and 1028?
514
Calculate the highest common factor of 322278 and 15466.
418
Calculate the highest common divisor of 36822 and 204.
102
What is the highest common divisor of 59317 and 437?
23
Calculate the greatest common factor of 820 and 4592.
164
Calculate the greatest common divisor of 76 and 39995.
19
Calculate the greatest common factor of 2887344 and 288.
144
What is the highest common divisor of 282 and 18?
6
What is the greatest common factor of 508 and 4666996?
508
Calculate the greatest common factor of 297 and 14751.
99
What is the highest common factor of 3165 and 195?
15
Calculate the highest common divisor of 44528 and 19228.
1012
Calculate the highest common factor of 3995 and 50760.
235
What is the greatest common factor of 180400 and 5740?
820
What is the greatest common factor of 1472 and 835360?
736
What is the greatest common factor of 1113 and 3264111?
159
Calculate the highest common divisor of 8505 and 9261.
189
Calculate the highest common factor of 91547 and 344.
43
What is the greatest common factor of 14010 and 510?
30
Calculate the greatest common divisor of 338 and 15041.
169
What is the highest common factor of 1374 and 4137?
3
Calculate the greatest common factor of 1366 and 4.
2
What is the highest common factor of 28 and 8862?
14
What is the greatest common factor of 325 and 315900?
325
What is the greatest common divisor of 3540 and 179596?
236
What is the greatest common divisor of 346 and 13427914?
346
What is the highest common divisor of 78279 and 1746?
291
What is the greatest common factor of 305 and 11041?
61
Calculate the greatest common divisor of 4 and 6562.
2
What is the greatest common factor of 1120 and 33208?
56
Calculate the greatest common factor of 248094 and 1782.
198
Calculate the greatest common factor of 1496117 and 1862.
931
What is the greatest common factor of 33 and 59917?
11
Calculate the highest common factor of 85377 and 75543.
447
Calculate the greatest common divisor of 2335 and 155.
5
What is the highest common factor of 1274 and 34853?
91
Calculate the greatest common divisor of 215 and 1195.
5
Calculate the highest common divisor of 1229168 and 85.
17
Calculate the greatest common divisor of 647775 and 2475.
225
Calculate the highest common divisor of 6 and 29608.
2
What is the greatest common factor of 24 and 896856?
24
Calculate the greatest common factor of 172080 and 240.
240
What is the greatest common factor of 46805 and 7084?
253
Calculate the greatest common factor of 52486 and 276.
46
What is the highest common factor of 4693 and 125267?
361
What is the highest common divisor of 308118 and 89?
89
Calculate the highest common factor of 245140 and 1648.
412
Calculate the highest common divisor of 1140 and 705.
15
What is the highest common divisor of 168 and 9482424?
168
What is the highest common factor of 962533 and 2794?
1397
What is the greatest common factor of 2756 and 12508?
212
Calculate the greatest common divisor of 1084 and 592.
4
What is the greatest common divisor of 323760 and 1440?
240
What is the greatest common divisor of 25300 and 6164?
92
What is the greatest common divisor of 63282 and 1990?
398
What is the highest common factor of 905 and 15?
5
What is the highest common divisor of 419154 and 12?
6
What is the highest common factor of 37024 and 267?
89
What is the greatest common divisor of 906160 and 752?
752
Calculate the greatest common divisor of 1995 and 11235.
105
Calculate the greatest common divisor of 6496 and 136.
8
What is the highest common factor of 1968 and 78960?
48
Calculate the highest common factor of 1794341 and 19.
19
Calculate the highest common factor of 15302280 and 105.
105
Calculate the highest common divisor of 1407927 and 186.
93
Calculate the highest common factor of 73728 and 3744.
288
What is the highest common factor of 59796 and 38958?
906
What is the greatest common factor of 242 and 609961?
121
Calculate the highest common divisor of 275926 and 56.
14
What is the greatest common factor of 1200 and 3495?
15
Calculate the highest common divisor of 23796 and 9.
9
What is the highest common factor of 1771 and 959?
7
Calculate the highest common divisor of 1853 and 2091.
17
Calculate the highest common factor of 6345 and 30510.
135
Calculate the greatest common factor of 1541935 and 2055.
685
What is the greatest common factor of 41574 and 13?
13
What is the highest common divisor of 32108 and 92?
92
What is the greatest common factor of 366489 and 9?
9
Calculate the greatest common factor